{"id":12,"date":"2021-12-25T10:09:57","date_gmt":"2021-12-25T09:09:57","guid":{"rendered":"https:\/\/galerie.vondung.de\/?page_id=12"},"modified":"2022-01-09T10:31:10","modified_gmt":"2022-01-09T09:31:10","slug":"ueber-uns","status":"publish","type":"page","link":"https:\/\/galerie.vondung.de\/","title":{"rendered":"\u00dcber mich"},"content":{"rendered":"\n<figure class=\"wp-block-image size-full is-resized\"><img loading=\"lazy\" decoding=\"async\" src=\"https:\/\/galerie.vondung.de\/wp-content\/uploads\/2021\/12\/YD3A5042.jpg\" alt=\"Ulla Vondung\" class=\"wp-image-41\" width=\"200\" height=\"299\" srcset=\"https:\/\/galerie.vondung.de\/wp-content\/uploads\/2021\/12\/YD3A5042.jpg 667w, https:\/\/galerie.vondung.de\/wp-content\/uploads\/2021\/12\/YD3A5042-200x300.jpg 200w\" sizes=\"auto, (max-width: 200px) 100vw, 200px\" \/><\/figure>\n\n\n\n<h3 class=\"wp-block-heading\">Vita<\/h3>\n\n\n\n<ul class=\"wp-block-list\"><li>Studium in K\u00f6ln, Freiburg und M\u00fcnster<\/li><li>von 1969 &#8211; 2004 im Schuldienst<\/li><li>1995 bis 2000 Studien Freie Malerei bei Professor M. Goppelsr\u00f6der am ZMK der Gerhard Mercator Universit\u00e4t Duisburg<\/li><li>von 2002 bis 2015 Mitglied der Produzentengalerie K8<\/li><li>Mitglied beim Arbeitskreis Oberhausener K\u00fcnstler AOK<\/li><li>Atelier in Oberhausen<\/li><\/ul>\n\n\n\n<h3 class=\"wp-block-heading\">Arbeitsweise<\/h3>\n\n\n\n<p>Vom Fig\u00fcrlichen zur Abstraktion bin ich &#8222;Fundsachen&#8220; auf der Spur, die mehr oder weniger eindeutige Spuren hinterlassen. Dann wieder verlasse ich diese Spur w\u00e4hrend des Arbeitsprozesses \u2013 nicht ziellos, eher vielzielig \u2013 lasse Assoziationen zu, beschw\u00f6re Illusionen herauf, verwische auch schon einmal Spuren oder helfe dem Zufall auf die Spr\u00fcnge. So k\u00f6nnen etwa Zechenr\u00e4der, Schornsteine oder Kr\u00e4ne auftauchen, Farben, Strukturen, Texturen k\u00f6nnen den Gedanken an Industrielandschaften oder Brachen zulassen.&nbsp;<\/p>\n\n\n\n<p>Rinde, Papier, Wortfetzen, Fotofragmente \u2013 Fundst\u00fccke eben \u2013 erg\u00e4nzen Farbkompositionen&nbsp; zum Bild, sind im Bilde. Es finden sich immer Spuren, die Assoziationen erm\u00f6glichen. Technik und Natur, Industrie und \u00c4sthetik des Unsch\u00f6nen, Traum und Wirklichkeit bilden dabei meine bevorzugten Themen.<\/p>\n\n\n\n<p>Dabei arbeite ich mehrgleisig:<\/p>\n\n\n\n<p>Acryl auf Karton oder Leinwand schafft Texturen von mehreren Farbschichten, die partiell wieder ausgewaschen, verwischt oder abgekratzt werden und so Verdichtung erfahren oder neue Schichten frei legen. Dabei bevorzuge ich expressive Farbigkeit auf gro\u00dfen, in letzter Zeit auch kleineren Formaten.&nbsp;<\/p>\n\n\n\n<p>Dann wieder k\u00f6nnen es schwarze Kalenderbl\u00e4tter sein, auf denen zuf\u00e4llig entstandene Abriss \u2013 Spuren dazu aufrufen, in monds\u00fcchtig tanzende Gestalten verwandelt zu werden. Gelegentlich geistert und raunt es auch, oder M\u00e4rchen &#8211; und Sagengestalten tauchen auf.<\/p>\n\n\n\n<p>Hier verwende ich Schmirgelpapier, Spachtel, Nadeln und Feilen, Spachtelmasse und Acryllack.<\/p>\n\n\n\n<p>Und schlie\u00dflich hat eine wirkliche Fundsache &#8211; wei\u00df, gesch\u00e4lt, mehrlagig, vielschichtig, d\u00fcnnh\u00e4utig \u2013 es mir angetan:<\/p>\n\n\n\n<p>Die Rinde der Papierbirke.<\/p>\n\n\n\n<p>Durch Zufall entdeckt, sp\u00e4ter gezielt gesucht, lie\u00df sie mich nicht mehr los.<\/p>\n\n\n\n<p>So wie gefunden wird sie gewaschen, gepresst und in Alben gesammelt. In oft langwierigen Auswahlprozessen werden die einzelnen Fundst\u00fcckein in einen neuen Zusammenhang gebracht und aufgeklebt. Sie bekommen einen Titel, erz\u00e4hlen eine Geschichte, von wenigen Zeichenstrichen angedeutet und gelegentlich von Gedichtanf\u00e4ngen oder Aphorismen begleitet.<\/p>\n\n\n\n<p>Meine Collagen erfuhren noch eine andere Dimension durch von Australienreisenden mitgebrachte Rindenst\u00fccke des Eukalyptusbaumes. Dazu bringe ich zunehmend unterschiedliche Papiere \u2013 beispielsweise Strohseide oder Maulbeerpapier \u2013 in die Bilder ein.<\/p>\n","protected":false},"excerpt":{"rendered":"<p>Vita Studium in K\u00f6ln, Freiburg und M\u00fcnster von 1969 &#8211; 2004 im Schuldienst 1995 bis 2000 Studien Freie Malerei bei Professor M. Goppelsr\u00f6der am ZMK der Gerhard Mercator Universit\u00e4t Duisburg von 2002 bis 2015 Mitglied der Produzentengalerie K8 Mitglied beim Arbeitskreis Oberhausener K\u00fcnstler AOK Atelier in Oberhausen Arbeitsweise Vom Fig\u00fcrlichen zur Abstraktion bin ich &#8222;Fundsachen&#8220;&hellip; <a class=\"more-link\" href=\"https:\/\/galerie.vondung.de\/\"><span class=\"screen-reader-text\">\u00dcber mich<\/span> weiterlesen<\/a><\/p>\n","protected":false},"author":2,"featured_media":0,"parent":0,"menu_order":0,"comment_status":"closed","ping_status":"closed","template":"","meta":{"ngg_post_thumbnail":0,"footnotes":""},"class_list":["post-12","page","type-page","status-publish","hentry","entry"],"_links":{"self":[{"href":"https:\/\/galerie.vondung.de\/index.php\/wp-json\/wp\/v2\/pages\/12","targetHints":{"allow":["GET"]}}],"collection":[{"href":"https:\/\/galerie.vondung.de\/index.php\/wp-json\/wp\/v2\/pages"}],"about":[{"href":"https:\/\/galerie.vondung.de\/index.php\/wp-json\/wp\/v2\/types\/page"}],"author":[{"embeddable":true,"href":"https:\/\/galerie.vondung.de\/index.php\/wp-json\/wp\/v2\/users\/2"}],"replies":[{"embeddable":true,"href":"https:\/\/galerie.vondung.de\/index.php\/wp-json\/wp\/v2\/comments?post=12"}],"version-history":[{"count":10,"href":"https:\/\/galerie.vondung.de\/index.php\/wp-json\/wp\/v2\/pages\/12\/revisions"}],"predecessor-version":[{"id":72,"href":"https:\/\/galerie.vondung.de\/index.php\/wp-json\/wp\/v2\/pages\/12\/revisions\/72"}],"wp:attachment":[{"href":"https:\/\/galerie.vondung.de\/index.php\/wp-json\/wp\/v2\/media?parent=12"}],"curies":[{"name":"wp","href":"https:\/\/api.w.org\/{rel}","templated":true}]}}

Über mich

<figure class="wp-block-image size-full is-resized"><img loading="lazy" decoding="async" src="https://galerie.vondung.de/wp-content/uploads/2021/12/YD3A5042.jpg" alt="Ulla Vondung" class="wp-image-41" width="200" height="299" srcset="https://galerie.vondung.de/wp-content/uploads/2021/12/YD3A5042.jpg 667w, https://galerie.vondung.de/wp-content/uploads/2021/12/YD3A5042-200x300.jpg 200w" sizes="auto, (max-width: 200px) 100vw, 200px" /></figure>



<h3 class="wp-block-heading">Vita</h3>



<ul class="wp-block-list"><li>Studium in Köln, Freiburg und Münster</li><li>von 1969 &#8211; 2004 im Schuldienst</li><li>1995 bis 2000 Studien Freie Malerei bei Professor M. Goppelsröder am ZMK der Gerhard Mercator Universität Duisburg</li><li>von 2002 bis 2015 Mitglied der Produzentengalerie K8</li><li>Mitglied beim Arbeitskreis Oberhausener Künstler AOK</li><li>Atelier in Oberhausen</li></ul>



<h3 class="wp-block-heading">Arbeitsweise</h3>



<p>Vom Figürlichen zur Abstraktion bin ich &#8222;Fundsachen&#8220; auf der Spur, die mehr oder weniger eindeutige Spuren hinterlassen. Dann wieder verlasse ich diese Spur während des Arbeitsprozesses – nicht ziellos, eher vielzielig – lasse Assoziationen zu, beschwöre Illusionen herauf, verwische auch schon einmal Spuren oder helfe dem Zufall auf die Sprünge. So können etwa Zechenräder, Schornsteine oder Kräne auftauchen, Farben, Strukturen, Texturen können den Gedanken an Industrielandschaften oder Brachen zulassen.&nbsp;</p>



<p>Rinde, Papier, Wortfetzen, Fotofragmente – Fundstücke eben – ergänzen Farbkompositionen&nbsp; zum Bild, sind im Bilde. Es finden sich immer Spuren, die Assoziationen ermöglichen. Technik und Natur, Industrie und Ästhetik des Unschönen, Traum und Wirklichkeit bilden dabei meine bevorzugten Themen.</p>



<p>Dabei arbeite ich mehrgleisig:</p>



<p>Acryl auf Karton oder Leinwand schafft Texturen von mehreren Farbschichten, die partiell wieder ausgewaschen, verwischt oder abgekratzt werden und so Verdichtung erfahren oder neue Schichten frei legen. Dabei bevorzuge ich expressive Farbigkeit auf großen, in letzter Zeit auch kleineren Formaten.&nbsp;</p>



<p>Dann wieder können es schwarze Kalenderblätter sein, auf denen zufällig entstandene Abriss – Spuren dazu aufrufen, in mondsüchtig tanzende Gestalten verwandelt zu werden. Gelegentlich geistert und raunt es auch, oder Märchen &#8211; und Sagengestalten tauchen auf.</p>



<p>Hier verwende ich Schmirgelpapier, Spachtel, Nadeln und Feilen, Spachtelmasse und Acryllack.</p>



<p>Und schließlich hat eine wirkliche Fundsache &#8211; weiß, geschält, mehrlagig, vielschichtig, dünnhäutig – es mir angetan:</p>



<p>Die Rinde der Papierbirke.</p>



<p>Durch Zufall entdeckt, später gezielt gesucht, ließ sie mich nicht mehr los.</p>



<p>So wie gefunden wird sie gewaschen, gepresst und in Alben gesammelt. In oft langwierigen Auswahlprozessen werden die einzelnen Fundstückein in einen neuen Zusammenhang gebracht und aufgeklebt. Sie bekommen einen Titel, erzählen eine Geschichte, von wenigen Zeichenstrichen angedeutet und gelegentlich von Gedichtanfängen oder Aphorismen begleitet.</p>



<p>Meine Collagen erfuhren noch eine andere Dimension durch von Australienreisenden mitgebrachte Rindenstücke des Eukalyptusbaumes. Dazu bringe ich zunehmend unterschiedliche Papiere – beispielsweise Strohseide oder Maulbeerpapier – in die Bilder ein.</p>

<p>Vita Studium in Köln, Freiburg und Münster von 1969 &#8211; 2004 im Schuldienst 1995 bis 2000 Studien Freie Malerei bei Professor M. Goppelsröder am ZMK der Gerhard Mercator Universität Duisburg von 2002 bis 2015 Mitglied der Produzentengalerie K8 Mitglied beim Arbeitskreis Oberhausener Künstler AOK Atelier in Oberhausen Arbeitsweise Vom Figürlichen zur Abstraktion bin ich &#8222;Fundsachen&#8220;&hellip; <a class="more-link" href="https://galerie.vondung.de/"><span class="screen-reader-text">Über mich</span> weiterlesen</a></p>
